 u(r)?
-6
Let z(w) = -2 + 2*w - 2 + 3 - 9*w. Let a be -2 + (9 + 0 - 3). Suppose 8 = -2*s - 5*n, -4*s - n + a - 2 = 0. Give z(s).
-8
Suppose -k - 5*h = 25, 5 = 2*k - 0*k - h. Suppose -4*g + 8 = -k*g. Suppose -14 = g*y - 2. Let c(r) = -r**2 - 7*r + 1. Calculate c(y).
7
Let y(n) = -n**2 - n**3 + n + 3 + 0*n - 11. Let g = 29 - 24. Suppose 0 = -g*c + 4*c. Give y(c).
-8
Let g = -421 - -415. Let d(h) = -5*h - 2. What is d(g)?
28
Let b(o) = -o**2 - o + 29. Let l be ((-226)/(-339))/(3*(-4)/(-90)). Give b(l).
-1
Let d(i) = i**3 + 6*i**2. Let w be ((1 - -7)/(-16))/((-1)/44). Suppose -7*r - 20 = w. Give d(r).
0
Let t(f) = -f + 1. Let g(l) = 2*l**2 - 2*l**2 - l**3 + 6*l**2 - 2*l. Let q(o) = g(o) - 4*t(o). Give q(6).
8
Let f(z) = 3*z**2 - 8*z + 17. Let b(l) = 4*l**2 - 8*l + 17. Let n(r) = 4*b(r) - 5*f(r). What is n(-9)?
-8
Let k(l) = -2 - 25*l**2 + 4 + 2*l + 31*l**2 - l**3 + 0*l. Suppose -2*v - 2 = -6. Suppose -v = -f + x - 1, 2*x = 10. Give k(f).
14
Let o(k) be the first derivative of 5/2*k**2 - 1/3*k**3 - 21 - 5*k. Calculate o(5).
-5
Let b(a) = 3*a. Let r be b(1). Let y = 40 - 36. Let d(l) = -l + y*l + 3*l - 5*l - 4. What is d(r)?
-1
Let p(a) be the first derivative of 7/2*a**2 + 1/3*a**3 + 10 + 0*a. Suppose 3*h - 2 = 4*f + 7, -3*f - 13 = -h. What is p(f)?
-6
Let u(w) = -w + 3. Let g(t) = -3 + 7*t - 6*t + 0*t. Let c be g(9). Suppose 2*m = -3*m - 3*p - c, -m - 9 = -2*p. What is u(m)?
6
Let m(f) = -f**2 - 5*f. Let o be 1/4 + 513/12. Let p = o + -47. Determine m(p).
4
Let x(f) = f**2 - 2. Let u(l) = 4*l**2 - 3. Let d(n) = u(n) - 5*x(n). Give d(-7).
-42
Let o = 13 - 4. Suppose 3*q + o = -3. Let x(l) = -5*l - 54*l**2 + 3 + 53*l**2 - 4. Determine x(q).
3
Let u(a) = -a**3 - 23*a**2 + 14*a - 18. Let q(f) = f**3 + 20*f**2 - 14*f + 19. Let h(k) = -3*q(k) - 2*u(k). What is h(-15)?
-6
Let j be 10/(-70) + 2/14. Let n(o) be the second derivative of -1/4*o**4 + 1/20*o**5 - o**2 + j - 1/3*o**3 - 6*o. Give n(4).
6
Let i(r) = -13*r**3 - 2*r**3 + 14*r + 2*r**2 - 13*r. Let v(m) = -m**2 + 6*m - 6. Let o be v(5). What is i(o)?
16
Let l(q) = -q**3 - 4*q**2 + 8*q + 5. Let n(h) = 2*h**2 - 15*h + 23. Let j be n(4). Calculate l(j).
-10
Suppose 0 = -4*w + v, 0 = -5*w + 5*v + 2 - 17. Let c(z) = -26*z**2 + 44*z**2 + 3*z**3 - 19*z**2 + 6*z**3. Give c(w).
8
Let p(q) = -q - 1. Let j(l) = 4*l - 4 - l - 3 + 0*l. Let v = 13 + -10. Let c be j(v). Calculate p(c).
-3
Let k(y) = 2*y**2 + 8*y + 13. Let r(p) = -3*p**2 - 15*p - 25. Let w(n) = -5*k(n) - 3*r(n). Suppose -5*g + 2*u = 6*u - 39, 18 = 3*g - 3*u. What is w(g)?
-4
Let u(x) = 13*x**2 + 2*x - 1. Suppose 4*d + 5 = 3*k, 3*d = -3*k + k + 9. What is u(d)?
14
Let h(d) = 31*d**2 - 41*d**2 + 9*d**2 + 0*d**3 + 5*d - 4*d - d**3. Determine h(1).
-1
Let s = -112 + 120. Let w(v) = 6*v + 0*v - 16*v + s*v - 1 - 4*v**2. Determine w(2).
-21
Suppose -5*a = 9 - 14. Let s(g) = -g. Let w(z) = 8. Let v(c) = a*s(c) - w(c). Let j(u) = -2*u + 14. Let q be j(10). Determine v(q).
-2
Let s(l) = -l**2 - 16. Let i = 2961 + -2961. Determine s(i).
-16
Suppose -1347*s = -1349*s + 16. Let j(t) be the first derivative of -5/3*t**3 + 1/4*t**4 + s + 3/2*t**2 - 4*t. Give j(4).
-8
Let r(m) = 2*m - 3. Let i be 22*1*116/638. Calculate r(i).
5
Let v be ((-16)/10)/(6/(-15)). Let h(n) = -n - v*n**2 - 9*n**2 + 14*n**2 + 5. Let k = 0 + 0. Give h(k).
5
Let x(j) = -3*j - 3. Let a(t) = t**2 - 11*t + 12. Let n(o) = o**2 - 11*o + 12. Let f = -14 + 11. Let r(q) = f*a(q) + 2*n(q). Let k be r(10). Determine x(k).
3
Let l = 348 + -337. Let r(g) = -g**3 + 12*g**2 - 10*g - 9. Give r(l).
2
Let j(t) = t**3 + 52*t**2 + 2*t + 106. Let q be j(-52). Let v(y) = -29*y + 6. Give v(q).
-52
Let z be (0 + 4)*-1 - (2 - 8). Let f(r) = -4*r. Determine f(z).
-8
Let z(f) = f. Let q = -140 + 109. Let g = q - -21. What is z(g)?
-10
Let w(p) = p**2 - 7*p - 2 - 5*p**2 + 3*p**2. Let o(k) = -k + 3 + 3 + 5*k + 7*k + k**2. Let h be o(-10). What is w(h)?
10
Suppose -5*g - 3 = -4*b - 2, -5*b + g = 25. Let a(v) = 7*v + 47. Determine a(b).
5
Let h(m) = m**3 - 3*m**2 + 3*m. Let l = 12 - 10. Let d be h(l). Let f(y) = -y + y - 3*y - 3 + d*y. Determine f(-6).
3
Let d(g) be the third derivative of g**4/24 + g**3/2 - 5*g**2 - 13*g. Give d(3).
6
Let s(o) = -2*o**2 - 3*o**2 + 8*o + 2*o**2 + 2*o**2 - 7. Let l = -1 - -8. Let g be s(l). Let r(p) = -p - 5. Give r(g).
-5
Let q(u) = -2*u + 4*u - 3*u + 10. Suppose -8*k - 14 = -4*k + 2*h, 3*h + 20 = -5*k. Let j = k + 7. Give q(j).
4
Let a = 665 + -662. Let w(t) = -t**3 + 3*t**2 + 4*t + 1. Determine w(a).
13
Let l(p) = 11*p**3 - 2*p + 1. Suppose -14*t = -19 + 89. Let r be (-4 - t) + (1 - 1). Calculate l(r).
10
Let p(w) be the second derivative of 5*w**3/3 - 21*w + 5. Suppose -2*t + 1 = -1. What is p(t)?
10
Let t(p) = 15*p**2 + 30 + 10*p**2 - 29*p**2 + 5*p**2 - 3*p - 26. Suppose 0 - 12 = -4*f. Give t(f).
4
Let f be -1 + -4 + (-6 - -15). Let g(c) = -3*c**2 + 6*c - 4. Determine g(f).
-28
Let g(f) = -f**2 + 8*f + 5. Let o be (-9 + 60/8)*-6. What is g(o)?
-4
Let l(g) be the third derivative of 13*g**4/24 - g**3/6 - 41*g**2. What is l(-1)?
-14
Let x(z) = 4*z + 3. Suppose 4*q - 8*q = 168. Suppose 4*u = -3*l + 55, -2*u = 3*u - 3*l - 35. Let b be (q/35)/(4/u). What is x(b)?
-9
Let u(k) be the third derivative of -k**4/8 - 9*k**3/2 - 266*k**2. Determine u(-7).
-6
Let o(s) = 14*s - 8 + 13 - 13*s. Determine o(-9).
-4
Let i(d) = d + 4 - d**2 - 2*d - 5. Let o = 21 - 24. What is i(o)?
-7
Let n(s) = 2*s - 4. Suppose -45 = -2*j + 3*g, -2 = 3*g + 13. Suppose -j*r = -4*r - 55. Determine n(r).
6
Let q(f) = -7*f - 1. Let m(n) = n + 1. Let l = -2 + 3. Let d be (5 + -1)*l/(-2). Let a be m(d). What is q(a)?
6
Suppose -9 = 2*c + 3*q, -21 = 5*c - q + 10. Let l be (0 - 2) + (c - -4). Let j = -10 - l. Let h(k) = k**3 + 5*k**2 - 6*k + 4. What is h(j)?
4
Let y(a) = -18*a**3 - 2*a**2 + 1. Suppose -2*g + 5 + 3 = 0. Let t(r) = 3*r**2 + 7*r + g*r**2 - 2*r**3 + 0*r**3 + 3*r**3 + 5. Let b be t(-6). Determine y(b).
17
Let i(w) be the third derivative of -w**6/120 + w**5/15 - 79*w**2. Calculate i(4).
0
Let z be (170/(-35) - -5) + 72/(-14). Let l(r) = r**2 + 5*r + 2. Give l(z).
2
Let b(w) = -w**3 + 5*w**2 - 3*w - 1. Let y(v) = 0*v + 20 + 8 - v. Let a be y(9). Let n = a + -16. Calculate b(n).
8
Let x(c) = 3 + 2*c - c - 11. Let d(q) = -12*q + 924. Let g be d(77). Calculate x(g).
-8
Let d(x) = x**2. Let m(i) = 4*i**2 - 8*i - 8. Let c(t) = -5*d(t) + m(t). Calculate c(-9).
-17
Let h be ((-10)/4)/((-2)/4). Suppose u = -n + 5, -2*n + h*u + 12 = -5. Let f(i) be the second derivative of -i**3/6 - 3*i**2 + 4317*i. What is f(n)?
-12
Suppose 6 = 2*y + c - 2, -4*y - 5*c = -28. Let h(d) = d**2 - 7*d - 3. Let j be h(8). Let n = y - j. Let f(x) = -x + 1. Give f(n).
4
Let x = 1797 - 1804. Let v(t) be the third derivative of -t**5/60 - t**4/4 + 5*t**3/6 - t**2. Determine v(x).
-2
Let p = 29 - 48. Suppose 0 = 4*b - 82 + 2. Let r = p + b. Let h(g) = -8*g**2 - 1. What is h(r)?
-9
Let x be -6 + 9/15*5 + -6. Let f(w) = w**3 + 8*w**2 - 8*w + 2. Determine f(x).
-7
Suppose 3*x + 46 - 10 = -3*j, -x - 4*j = 24. Let z(w) = -w**3 - 9*w**2 - 7*w + 7. Calculate z(x).
-1
Let l(a) = -12*a - 2. Let x(w) = -w. Let r(c) = l(c) - 3*x(c). What is r(-2)?
16
Let h be 12/(-9) + 2/6. Let s(v) = v - 1. Let d(m) = -1. Let o(j) = 2*d(j) - s(j). Let i(n) = 6*n**2 + 3*n + 3. Let a(k) = -i(k) - 3*o(k). Calculate a(h).
-6
Let c(b) be the first derivative of -b**3/3 + 3*b**2 + 7*b + 26. Give c(6).
7
Suppose 23*y - 12*y = 77. Let o(q) = -2*q + 7 - 1 + 2. Give o(y).
-6
Suppose 6 + 10 = 8*z. Suppose 11 = h - 2*h - z*w, 5*h + 10 = -w. Let r(p) be the second derivative of -p**5/20 - p**4/6 + p**3/6 + p**2/2 + 3*p. Determine r(h).
-1
Let v(j) = -j**2 - 12*j + 3. Let r(x) = x**2 - 14*x - 10. Let b be r(14). Give v(b).
23
Let g(z) = z + 9. Let l be (-4)/(-34) + (-12025)/629. What is g(l)?
-10
Let k(b) = 5*b**2 + 0*b**2 - 41*b - 5*b**3 + 4*b**3 + b**2 + 40*b - 6. What is k(5)?
14
Let b(m) = -m**2 - m + 1. Suppose -i - 7 + 1 = 0. Let o(n) = -3*n - 14. Let w be o(i). Let g be (-13)/w + (-2)/(-8). What is b(g)?
-5
Let y(b) be the first derivative of -5*b**4/4 + b**3 - 2*b**2 + 2*b - 143. Determine y(2).
-34
Let x(h) = -h - 5. Suppose 10 = 6*r - r. Suppose -4*i + 2 = r*l, -l + 4*i - 2*i = 15. Calculate x(l).
2
Let n = -27 + 35. Let z(d) = 0*d**3 - 8 - 4*d**2 - d**3 + n - 2*d. Suppose 3 